 305337 is divided by 2655.
12
Calculate the remainder when 292450 is divided by 29.
14
What is the remainder when 435840 is divided by 754?
28
What is the remainder when 58465 is divided by 50?
15
Calculate the remainder when 80170 is divided by 13.
12
What is the remainder when 3755 is divided by 284?
63
What is the remainder when 2359 is divided by 621?
496
Calculate the remainder when 50883 is divided by 54.
15
What is the remainder when 3051 is divided by 1017?
0
Calculate the remainder when 3954 is divided by 106.
32
Calculate the remainder when 7832 is divided by 157.
139
Calculate the remainder when 267747 is divided by 875.
872
Calculate the remainder when 174314 is divided by 395.
119
Calculate the remainder when 28586 is divided by 116.
50
What is the remainder when 943 is divided by 104?
7
What is the remainder when 189690 is divided by 78?
72
Calculate the remainder when 570688 is divided by 43899.
1
What is the remainder when 75143 is divided by 9346?
375
Calculate the remainder when 4340268 is divided by 17.
15
What is the remainder when 965 is divided by 138?
137
What is the remainder when 444086 is divided by 148028?
2
What is the remainder when 2309 is divided by 1004?
301
What is the remainder when 44846 is divided by 6405?
11
Calculate the remainder when 1291342 is divided by 323.
311
Calculate the remainder when 29853 is divided by 63.
54
What is the remainder when 28835 is divided by 147?
23
What is the remainder when 749563 is divided by 128?
123
What is the remainder when 77647 is divided by 25880?
7
What is the remainder when 187850 is divided by 23?
9
What is the remainder when 158844 is divided by 8?
4
What is the remainder when 742 is divided by 133?
77
What is the remainder when 13352 is divided by 106?
102
What is the remainder when 35502 is divided by 132?
126
Calculate the remainder when 16383 is divided by 1170.
3
Calculate the remainder when 26120 is divided by 3246.
152
What is the remainder when 3544 is divided by 1765?
14
What is the remainder when 76280 is divided by 26?
22
What is the remainder when 1234299 is divided by 215?
199
Calculate the remainder when 39650 is divided by 54.
14
What is the remainder when 604581 is divided by 17?
10
What is the remainder when 94457 is divided by 48?
41
What is the remainder when 204059 is divided by 66?
53
Calculate the remainder when 133263 is divided by 32.
15
Calculate the remainder when 23279 is divided by 226.
1
Calculate the remainder when 2847 is divided by 560.
47
Calculate the remainder when 3612 is divided by 3605.
7
What is the remainder when 36313 is divided by 38?
23
Calculate the remainder when 520 is divided by 20.
0
What is the remainder when 252928 is divided by 161?
158
What is the remainder when 3477 is divided by 611?
422
What is the remainder when 3354 is divided by 716?
490
Calculate the remainder when 38375 is divided by 369.
368
Calculate the remainder when 21974 is divided by 1166.
986
What is the remainder when 308035 is divided by 1247?
26
Calculate the remainder when 122592 is divided by 540.
12
What is the remainder when 36170 is divided by 201?
191
Calculate the remainder when 4749 is divided by 944.
29
Calculate the remainder when 130359 is divided by 344.
327
Calculate the remainder when 67687 is divided by 5.
2
Calculate the remainder when 15273 is divided by 1356.
357
What is the remainder when 25107 is divided by 15?
12
Calculate the remainder when 228652 is divided by 6725.
2
Calculate the remainder when 27646 is divided by 8326.
2668
Calculate the remainder when 66307 is divided by 38.
35
What is the remainder when 7894 is divided by 152?
142
What is the remainder when 145759 is divided by 29151?
4
Calculate the remainder when 5866 is divided by 2904.
58
What is the remainder when 5452 is divided by 228?
208
What is the remainder when 279 is divided by 45?
9
What is the remainder when 10769 is divided by 55?
44
What is the remainder when 155872 is divided by 1046?
18
What is the remainder when 13221 is divided by 57?
54
What is the remainder when 844 is divided by 747?
97
Calculate the remainder when 1789 is divided by 108.
61
What is the remainder when 415616 is divided by 1?
0
Calculate the remainder when 2383 is divided by 689.
316
What is the remainder when 6240 is divided by 62?
40
What is the remainder when 155026 is divided by 345?
121
What is the remainder when 406379 is divided by 634?
619
What is the remainder when 7522 is divided by 2504?
10
What is the remainder when 15176 is divided by 1142?
330
What is the remainder when 403918 is divided by 53?
5
What is the remainder when 1172374 is divided by 456?
454
Calculate the remainder when 112401 is divided by 562.
1
Calculate the remainder when 28377 is divided by 20.
17
Calculate the remainder when 667734 is divided by 28.
18
What is the remainder when 9795 is divided by 114?
105
Calculate the remainder when 1475 is divided by 93.
80
What is the remainder when 112800 is divided by 800?
0
What is the remainder when 2419 is divided by 2383?
36
What is the remainder when 6891 is divided by 6810?
81
What is the remainder when 21714 is divided by 123?
66
What is the remainder when 6192 is divided by 24?
0
Calculate the remainder when 10440 is divided by 369.
108
What is the remainder when 2724 is divided by 901?
21
What is the remainder when 1791 is divided by 528?
207
Calculate the remainder when 4316 is divided by 4260.
56
Calculate the remainder when 1061 is divided by 596.
465
Calculate the remainder when 28475 is divided by 185.
170
What is the remainder when 162750 is divided by 62?
0
What is the remainder when 78864 is divided by 166?
14
What is the remainder when 158856 is divided by 188?
184
What is the remainder when 3624817 is divided by 380?
377
Calculate the remainder when 19367 is divided by 731.
361
What is the remainder when 15783 is divided by 682?
97
What is the remainder when 7375 is divided by 738?
733
Calculate the remainder when 233869 is divided by 47.
44
Calculate the remainder when 52576 is divided by 10.
6
Calculate the remainder when 7391 is divided by 287.
216
Calculate the remainder when 49898 is divided by 25.
23
What is the remainder when 1803 is divided by 358?
13
What is the remainder when 575287 is divided by 307?
276
Calculate the remainder when 1265 is divided by 1253.
12
What is the remainder when 810 is divided by 756?
54
What is the remainder when 2292 is divided by 85?
82
Calculate the remainder when 55177 is divided by 2216.
1993
What is the remainder when 1376870 is divided by 1085?
5
What is the remainder when 49797 is divided by 9956?
17
What is the remainder when 1626 is divided by 268?
18
What is the remainder when 1287 is divided by 263?
235
Calculate the remainder when 53506 is divided by 182.
180
Calculate the remainder when 439 is divided by 280.
159
What is the remainder when 593398 is divided by 645?
643
Calculate the remainder when 221619 is divided by 140.
139
Calculate the remainder when 15173 is divided by 27.
26
Calculate the remainder when 7023 is divided by 465.
48
What is the remainder when 80017 is divided by 44?
25
Calculate the remainder when 78124 is divided by 80.
44
What is the remainder when 14332 is divided by 16?
12
What is the remainder when 985 is divided by 163?
7
Calculate the remainder when 5851 is divided by 234.
1
What is the remainder when 44819 is divided by 270?
269
Calculate the remainder when 9806 is divided by 1018.
644
Calculate the remainder when 123157 is divided by 2243.
2035
What is the remainder when 111138 is divided by 26?
14
What is the remainder when 12356 is divided by 1537?
60
What is the remainder when 1572 is divided by 151?
62
Calculate the remainder when 2363664 is divided by 761.
759
What is the remainder when 131165 is divided by 25?
15
What is the remainder when 1301892 is divided by 1493?
1489
Calculate the remainder when 293538 is divided by 35.
28
What is the remainder when 2880 is divided by 457?
138
What is the remainder when 225686 is divided by 22567?
16
Calculate the remainder when 10701 is divided by 255.
246
Calculate the remainder when 1541 is divided by 544.
453
Calculate the remainder when 229221 is divided by 57281.
97
What is the remainder when 4317 is divi